1129?
True
Is 943287 a multiple of 123?
True
Does 7 divide 227825?
False
Is 152 a factor of 123030?
False
Does 17 divide 354807?
True
Does 10 divide 111750?
True
Does 12 divide 918564?
True
Is 4568976 a multiple of 24?
True
Does 11 divide 57096?
False
Is 138 a factor of 1897592?
False
Does 231 divide 752522?
False
Does 41 divide 87289?
True
Does 98 divide 423965?
False
Does 6 divide 506602?
False
Does 52 divide 851295?
False
Does 120 divide 2573888?
False
Is 317438 a multiple of 307?
True
Does 2 divide 280110?
True
Is 3 a factor of 1126434?
True
Does 28 divide 172732?
True
Is 7 a factor of 286951?
True
Is 8 a factor of 377013?
False
Does 10 divide 3642420?
True
Is 52388 a multiple of 31?
False
Is 6615 a multiple of 45?
True
Is 105050 a multiple of 50?
True
Does 226 divide 9454378?
False
Is 9 a factor of 40590?
True
Is 165 a factor of 737385?
True
Is 13 a factor of 124554?
False
Is 1089554 a multiple of 415?
False
Is 232 a factor of 125746?
False
Is 1118944 a multiple of 146?
True
Does 9 divide 3471093?
True
Is 166 a factor of 17400452?
True
Does 169 divide 8826363?
True
Is 34 a factor of 49995?
False
Does 21 divide 185257?
False
Is 8 a factor of 26031208?
True
Does 34 divide 2886906?
True
Does 148 divide 430841?
False
Does 19 divide 2133681?
True
Does 13 divide 6604?
True
Does 20 divide 280640?
True
Is 91 a factor of 478921?
False
Is 98 a factor of 104174?
True
Is 742 a factor of 691544?
True
Is 18268 a multiple of 8?
False
Is 12 a factor of 846084?
True
Is 3 a factor of 69541?
False
Is 278724 a multiple of 42?
False
Does 86 divide 555044?
True
Is 490 a factor of 6769158?
False
Is 53 a factor of 53659?
False
Is 922800 a multiple of 12?
True
Is 53490 a multiple of 5?
True
Is 377590 a multiple of 610?
True
Is 48 a factor of 172808?
False
Does 28 divide 26348?
True
Does 73 divide 178126?
False
Does 167 divide 95173?
False
Does 21 divide 81816?
True
Is 5934180 a multiple of 14?
True
Is 26 a factor of 152048?
True
Does 206 divide 221532?
False
Does 61 divide 204221?
False
Is 184562 a multiple of 20?
False
Is 1074 a factor of 422082?
True
Is 91 a factor of 1652287?
True
Is 15 a factor of 241129?
False
Does 7 divide 65674?
True
Is 7466137 a multiple of 344?
False
Is 62 a factor of 82398?
True
Does 19 divide 156541?
True
Is 1200481 a multiple of 42?
False
Is 5131148 a multiple of 554?
True
Is 1124490 a multiple of 10?
True
Is 5 a factor of 207724?
False
Is 51 a factor of 13018888?
False
Is 215384 even?
True
Does 55 divide 648855?
False
Is 168216 a multiple of 516?
True
Does 736 divide 8219648?
True
Does 71 divide 1390819?
True
Is 83 a factor of 3245383?
True
Is 5 a factor of 117435?
True
Does 34 divide 809135?
False
Does 12 divide 6064850?
False
Is 31966 a multiple of 2?
True
Is 10 a factor of 10865860?
True
Is 12149774 a multiple of 14?
True
Is 4992 a multiple of 4?
True
Is 56 a factor of 2470434?
False
Does 128 divide 67328?
True
Does 5 divide 263430?
True
Is 206835 a multiple of 15?
True
Is 139 a factor of 1114336?
False
Is 1438770 a multiple of 10?
True
Does 65 divide 264221?
False
Is 5450 a multiple of 218?
True
Is 587100 a multiple of 6?
True
Is 265 a factor of 73454?
False
Is 21 a factor of 8945538?
True
Does 246 divide 359445?
False
Does 15 divide 2009968?
False
Is 938616 a multiple of 111?
True
Does 772 divide 16212?
True
Is 5 a factor of 16560?
True
Does 51 divide 239231?
False
Is 49201 a multiple of 27?
False
Is 835555 a multiple of 9?
False
Is 1119281 a multiple of 17?
False
Does 302 divide 462362?
True
Is 84 a factor of 217906?
False
Is 60 a factor of 61239?
False
Does 24 divide 32736?
True
Is 27047 a multiple of 52?
False
Does 3 divide 1315777?
False
Is 499968 a multiple of 279?
True
Is 34754 a multiple of 39?
False
Is 12 a factor of 511332?
True
Is 13 a factor of 172385?
False
Is 311251 a multiple of 355?
False
Is 214668 a multiple of 127?
False
Is 717295 a multiple of 7?
False
Does 113 divide 23608606?
False
Does 3 divide 214575?
True
Is 13650 a multiple of 24?
False
Is 20 a factor of 695920?
True
Is 47 a factor of 213791?
False
Is 82 a factor of 6773446?
True
Is 3582401 a multiple of 70?
False
Does 91 divide 484452?
False
Is 22 a factor of 62744?
True
Does 161 divide 551432?
False
Does 236 divide 303496?
True
Does 14 divide 213350?
False
Is 1300982 a multiple of 179?
False
Does 132 divide 1312476?
True
Is 37312 a multiple of 88?
True
Is 42687 a multiple of 4?
False
Is 19840 a multiple of 160?
True
Does 29 divide 840855?
True
Does 57 divide 1565451?
False
Does 655 divide 1503880?
True
Does 11 divide 181786?
True
Is 4 a factor of 284924?
True
Is 617 a factor of 2435299?
True
Is 116 a factor of 407515?
False
Is 324 a factor of 126997?
False
Is 22131009 a multiple of 9?
True
Is 58 a factor of 452574?
True
Is 1212131 a multiple of 130?
False
Does 3 divide 2111512?
False
Is 134796 a multiple of 12?
True
Is 475770 a multiple of 10?
True
Is 6485166 a multiple of 92?
False
Is 1176 a factor of 16277809?
False
Is 193 a factor of 17177?
True
Does 41 divide 10357532?
False
Is 57 a factor of 1619427?
True
Is 26657871 a multiple of 30?
False
Is 295616 a multiple of 248?
True
Is 290 a factor of 94540?
True
Does 422 divide 2794906?
True
Is 1007541 a multiple of 17?
False
Is 204951 a multiple of 574?
False
Is 5996645 a multiple of 237?
False
Is 104 a factor of 2156016?
False
Is 324 a factor of 5704344?
True
Does 2 divide 1153609?
False
Does 30 divide 12250967?
False
Is 28253684 a multiple of 1121?
True
Does 56 divide 13146?
False
Is 911880 a multiple of 19?
False
Is 66827 a multiple of 278?
False
Is 73481 a multiple of 7?
False
Is 1491642 a multiple of 23?
True
Is 4 a factor of 29608?
True
Is 462217 a multiple of 65?
False
Is 7 a factor of 1030115?
False
Does 533 divide 4928651?
True
Does 16 divide 165948?
False
Does 4 divide 1404628?
True
Is 751266 a multiple of 6?
True
Does 233 divide 364285?
False
Is 401818 a multiple of 90?
False
Is 147 a factor of 11768941?
False
Is 11 a factor of 919394?
False
Does 60 divide 85380?
True
Does 24 divide 656400?
True
Does 61 divide 6999750?
True
Is 27 a factor of 7090281?
True
Is 49864 a multiple of 184?
True
Does 8 divide 5439288?
True
Is 136 a factor of 513944?
True
Does 108 divide 1039824?
True
Is 55 a factor of 495275?
True
Is 5954011 a multiple of 623?
True
Is 69 a factor of 45816?
True
Is 17 a factor of 98597?
False
Is 56 a factor of 4711728?
True
Is 30 a factor of 13271218?
False
Is 529 a factor of 835291?
True
Is 49 a factor of 286285?
False
Does 22 divide 1760132?
True
Does 3 divide 227890?
False
Is 6 a factor of 1429206?
True
Does 440 divide 624316?
False
Is 121 a factor of 162987?
True
Does 4 divide 1347440?
True
Does 16 divide 16718?
False
Is 289 a factor of 1532403?
False
Does 366 divide 37335869?
False
Does 81 divide 372737?
False
Is 9 a factor of 546775?
False
Does 13 divide 803764?
True
Is 2002740 a multiple of 65?
False
Does 103 divide 364105?
True
Is 8002589 a multiple of 2458?
False
Is 58 a factor of 114593?
False
Is 295 a factor of 84065?
False
Is 13788 a multiple of 3?
True
Does 670 divide 3792398?
False
Does 44 divide 1188803?
False
Does 28 divide 3487607?
False
Is 275682 a multiple of 55?
False
Does 303 divide 225926?
False
Is 1048 a factor of 10245248?
True
Is 3985598 a multiple of 27?
False
Is 508 a factor of 944228?
False
Is 7526500 a multiple of 250?
True
Is 50251 a multiple of 239?
False
Does 25 divide 868534?
False
Does 12 divide 11388?
True
Does 64 divide 198656?
True
Does 151 divide 11701585?
False
Is 4731 a multiple of 83?
True
Does 7 divide 108521?
True
Is 18 a factor of 98834?
False
Is 343098 a multiple of 49?
True
Is 4350156 a multiple of 7?
False
Does 13 divide 305773?
True
Is 107 a factor of 321000?
True
Does 15 divide 20597?
False
Is 570592 a multiple of 84?
False
Does 170 divide 528020?
True
Is 2 a factor of 69797?
False
Is 204 a factor of 1603440?
True
Is 1011145 a multiple of 46?
False
Is 1316960 a multiple of 10?
True
Is 1383243 a multiple of 895?
False
Does 13 divide 318045?
True
Does 201 divide 12345?
False
Does 427 divide 594643?
False
Does 1132 divide 3428597?
False
Is 21 a factor of 7295070?
False
Is 9 a factor of 85965?
False
Does 23 divide 4617549?
True
Does 6 divide 11959?
False
Is 250571 a multiple of 5?
False
Is 1006432 a multiple of 39?
False
Does 10 divide 3